*o - 3. Determine b(l).
-6
Let q(t) be the second derivative of -118*t - 2*t**2 + 1/2*t**3 + 0. Give q(3).
5
Let s(z) = -z**2 - 9*z + 11. Let d(c) = c**3 - 68*c**2 + 62*c + 328. Let j be d(67). Calculate s(j).
25
Let g(w) = 4*w**2 - 2*w + 1. Let u be g(1). Let b(s) be the first derivative of 1/2*s**2 - 4*s - 203. Calculate b(u).
-1
Suppose 0 = 13*l - 92 + 27. Let g(y) = -2*y + 12. Let k(b) = 1. Let m(h) = -g(h) + 6*k(h). Give m(l).
4
Let r(g) = -3*g + 63. Let v(b) = -4*b**2 - 126*b - 264. Let k be v(-29). Determine r(k).
-15
Let v = -13668 + 13657. Let c(k) = 2*k**2 + 27*k + 45. Give c(v).
-10
Let k(o) = -o**3 - 4*o**2 + 5*o - 2. Suppose b + 184 = 690. Suppose -j - 4*y = 25 + 93, -4*j + y - b = 0. Let r be ((-2)/(-9) + (-35)/j)*-10. Determine k(r).
-2
Suppose 8*x - 32 = -5*y + 4*x, 2*y + 4*x = 20. Let p be ((-20)/(-30))/(y/(-6)). Let r(i) = -1 + 0*i - 9*i + i. Give r(p).
7
Suppose 4*s = -0*s - 2*r + 16, 0 = -3*s - 4*r + 17. Let j(l) = 5*l**2 + 8*l**3 - 4*l**2 - s*l**3. Let b(k) = -26*k + 53. Let a be b(2). Give j(a).
6
Suppose 60 = -q - 12*q + 34. Let y(x) = 8*x**3 - 5*x - 9. Determine y(q).
-63
Let k(z) = -4*z**2 + 5*z + 7. Let j = 2079 + -2074. Calculate k(j).
-68
Let l(v) = -5*v - 11. Let y(t) = 25. Let u(o) = 11. Let g(m) = -7*u(m) + 3*y(m). Let n(p) = -5*g(p) + l(p). Calculate n(-1).
4
Suppose m - k = 0, -1 = m - 2*k - 0. Suppose -5*w = -2*w + 2*f - 14, 20 = 2*w + 4*f. Let o(d) = 11*d**2 + d + 20*d**2 - 56*d**2 - 1 + 17*d**w. Determine o(m).
-8
Let m(t) be the second derivative of -t**5/20 - 5*t**4/2 - 5*t**2/2 - 4032*t. Determine m(-30).
-5
Let s(g) be the second derivative of g**5/20 + 3*g**4/4 + 3*g**2 - 168*g. Calculate s(-9).
6
Let i(l) = 6*l**3 + 6*l**2 + 0*l + 7*l + 0*l**3. Let f = 4143 - 4156. Let d(x) = -12*x**3 - 13*x**2 - 15*x. Let m(a) = f*i(a) - 6*d(a). Give m(1).
-7
Let j(k) = -2*k**2 - 66*k - 16. Let v(b) = b**3 - 6*b**2 - 9*b + 38. Let m be v(5). Determine j(m).
48
Let n(h) = -6*h + 14. Let v be n(2). Let t(c) = -7*c + 17*c**2 + 3*c**v - 19*c**2. Give t(6).
-6
Let p(j) = j**3 + j - 5. Let u be (2 - -1)/(15/(-130)). Let x = u - -32. Suppose 0 = 2*w + 6, -4*o + 5*w - x + 21 = 0. Calculate p(o).
-5
Let m(r) = r**2 + 39*r + 133. Let l(a) = a**2 + 20*a + 61. Let j be l(-8). What is m(j)?
-7
Let r(i) = -240*i**2 - 16 - 244*i**2 + 485*i**2. Give r(5).
9
Let h(v) = -3*v. Let y be 166 - (6/10 + (-16)/(-40)). Let x = 167 - y. Give h(x).
-6
Let h(g) = -4 + 8*g**2 - 22*g**2 - 17*g + 7*g**2 - 4*g**2 + 20*g. Determine h(0).
-4
Let g = 3483 - 3487. Let w(x) be the third derivative of x**6/120 + x**5/10 + 7*x**4/24 + 5*x**3/6 + 5*x**2. Calculate w(g).
9
Let c(n) = 32*n**3 - 2*n**2 - 51*n**3 + 20*n**3. Let m(u) = u**2 + 8*u - 32. Let k be m(-11). Determine c(k).
-1
Let b be 34 + (-5)/((-10)/2). Let t = b + -39. Let y(k) = k**3 + 4*k**2 - 2*k - 5. What is y(t)?
3
Let v(g) = 3*g**3 - 18*g**2 + 19*g + 5. Let u(f) = f**3 - 2*f**2 + 2*f + 2. Let z(r) = 4*u(r) - v(r). What is z(-11)?
3
Suppose 5*u - 15 = -0*u. Let o(q) = -q**2 - 3*q - 3. Let n = -216 + 213. Let a(b) = b**2 + 5*b + 4. Let x(m) = n*a(m) - 4*o(m). Calculate x(u).
0
Suppose -13*d = -29*d + 80. Suppose -d*s = -28*s + 23. Let o(n) = -11*n**3. Give o(s).
-11
Let q(z) be the third derivative of z**5/60 - 5*z**4/24 - 11*z**3/6 + 10*z**2. Let l(w) = 4*w**2 - 98*w - 43. Let p be l(25). What is q(p)?
3
Let z(y) = -6*y - 27. Suppose 4*b = -3*o - 52, -2*o + 1321*b - 2 = 1319*b. What is z(o)?
21
Let c(w) = 43*w**3 - 2*w**2 + 4*w. Let t(b) = b. Let s(p) = -c(p) + 3*t(p). What is s(1)?
-42
Let h(c) = 89*c**3 - 58*c**3 - 2 - 2*c + 8*c**2 + 5 + 2 - 32*c**3. Calculate h(8).
-11
Let j(h) = h**2 - 18*h + 1. Let d be j(18). Let p(f) = -d - 3*f + 100*f**2 + f + f**3 + 0*f - 101*f**2. Give p(2).
-1
Let l(q) = -2*q - 10. Suppose 0 = -4*m + k - 455, 3*k = 10 - 13. Let r be (38/m)/(1/33). What is l(r)?
12
Suppose 0 = 2*w + 4*b - 2, 5*w - 435*b + 4 = -436*b. Let i(g) = 39*g**2 + 2*g - 4*g + 1 + 3*g. Calculate i(w).
39
Let c(r) = 103*r - 220 - 105*r + 239. Calculate c(5).
9
Let i = -238 - -249. Let q(p) = 4*p - 41. Let c be q(i). Let x(d) = d - 2. What is x(c)?
1
Let m(n) be the first derivative of n**3/3 - n**2 - 4*n + 81. Determine m(0).
-4
Suppose -o - 4*l - 170 = -156, 5*l = -15. Let z(t) = 13*t + 15. Calculate z(o).
-11
Let x = -12229 - -12227. Let l(q) = q**2 + 6*q + 9. Calculate l(x).
1
Let b(t) be the third derivative of t**8/20160 - 7*t**6/120 + t**5/12 - t**4/2 + 8*t**2 + 2. Let g(y) be the third derivative of b(y). What is g(0)?
-42
Let r(d) be the third derivative of -d**4/24 - 2*d**3/3 + 34*d**2 + 1. Give r(2).
-6
Let d(l) = -98*l**2 + 80*l + 21. Let c(s) = 23*s**2 - 19*s - 5. Let o(k) = -21*c(k) - 5*d(k). Suppose 3*y - 2*x = -6*x - 14, 0 = 5*y + 2*x. Determine o(y).
26
Let w(z) = -6*z**2 - 8*z**3 + 9*z**3 + 14062*z - 14019*z - 10*z**2 - 33. Calculate w(13).
19
Let n(v) = -2 + 5 - 10*v + 4*v - v**2. Let g be n(-4). Suppose 15*f = g*f - 4. Let s(h) = h - 1. Give s(f).
-2
Suppose -12*y - 7410 + 1542 = 0. Let d = 483 + y. Let t(p) be the second derivative of -p**4/12 - 2*p**3/3 + 3*p**2 + p. Give t(d).
-6
Suppose 4*m - p - 1 = 10, -5*p + 2 = -m. Let g(x) = -18 + x**3 + m*x**2 - 944*x + 946*x + 3*x**2 + 25. Give g(-6).
-5
Let o(c) be the third derivative of -c**6/60 - c**5/20 + c**4/24 - c**3/2 + 76*c**2 + 2*c. Suppose -5*y - 26 = -11. What is o(y)?
21
Let j = -6866 - -6872. Let z(n) = -7*n + 11. Give z(j).
-31
Let g = -26/9 + 61/18. Let a(j) be the first derivative of 1/3*j**3 - 7*j - 8 - g*j**2. What is a(5)?
13
Suppose 0*c = c - 2. Let o(v) = v**3 + 7*v**2 + 5. Let a be o(-7). Let r(u) = -5*u + c*u**2 + 10*u - a*u. Calculate r(1).
2
Let v(x) = -5*x**3 + 9*x**2 + 7*x + 6. Let j(i) = 1 + 0 - 8*i + i**2 + 8*i - i**3. Let d(q) = -4*j(q) + v(q). Calculate d(6).
8
Let f be (2 - 4)*(-3)/(-2). Let r(x) = 3*x**2 + 35*x - 25. Let k be r(-13). Let c(m) = k - 7*m**2 - m**3 + 3*m**2 - 29 - m. Determine c(f).
-8
Suppose 7*f - 56 = 11*f. Let n(k) = -5*k - 65. Let m be n(f). Let w(d) = -d**2 + 8*d - 3. What is w(m)?
12
Suppose -6*c + 2*c + 42 = h, 2*h - 3 = c. Let g(v) = -2*v**2 + 11*v + 47. Determine g(c).
-16
Let g(d) = -d**3 - 8*d**2 - 6*d + 10. Let l be g(-7). Let v(w) = -l*w + 2*w + w**3 + 0*w**3 + 4*w**2. Calculate v(-2).
10
Let q(f) = 42*f**2 + 3*f. Let l be ((-4)/(-14) - 48/(-420))/(5/(-25)). Calculate q(l).
162
Let k(w) = 3*w**3 + 6*w**2 + 14*w + 27. Let c(f) = 2*f**3 + 5*f**2 + 16*f + 25. Let i(s) = 4*c(s) - 3*k(s). Determine i(-3).
-2
Suppose -5*f = -4*x - 2, f + 5*x = -2*f - 21. Let k(y) be the first derivative of y**3 + y**2/2 + 121. What is k(f)?
10
Let h(x) = 4*x - 25. Suppose 2*p - 476 = -32*p. Let z(a) = a**2 - 8*a - 76. Let j be z(p). Determine h(j).
7
Let o be 14 - (1 - 65/(-10))*(-8)/(-20). Let f(d) = -2*d + 6. Determine f(o).
-16
Let g(h) = h**3 - h**2 - 6*h - 7. Let u = 26053 + -26055. Determine g(u).
-7
Suppose 4*i + 18*b - 26 = 21*b, -3*i + 2*b = -18. Let d(u) = u - 1. Let j(x) = -x**2 + x + 1. Let h(v) = d(v) + j(v). Determine h(i).
0
Let b(l) be the second derivative of -l**4/24 - l**3/2 - 35*l**2/2 - 3*l + 2. Let n(y) be the first derivative of b(y). Calculate n(-9).
6
Let z = -26 + 26. Suppose 7*c + 9 - 359 = z. Suppose -53*p = -c*p + 12. Let l(o) = o**3 + 5*o**2 + 5*o + 3. Give l(p).
-1
Suppose -2*a + 31*b - 6 = 36*b, -2*a - 2 = 3*b. Let n(d) be the third derivative of 1/120*d**6 + 1/12*d**4 + 0*d + 1/15*d**5 + 5*d**a + d**3 + 0. Give n(-4).
-2
Let h = -1956 - -1962. Let x(y) = -5*y + 14. Give x(h).
-16
Let p(v) = 219*v - 1326. Let o be p(6). Let x(q) = -q**2 - 13*q - 15. Give x(o).
-3
Let i(o) = -o**3 - o**2 - 1. Suppose 5*q + 25*c - 20*c + 30 = 0, 0 = q - c - 6. What is i(q)?
-1
Let q(n) = 3*n**3 + 16*n**2 + 61*n. Let z(d) = -4*d**3 - 17*d**2 - 76*d + 2. Let k(s) = -6*q(s) - 5*z(s). Give k(4).
-2
Let t(r) be the third derivative of 0 + 23*r**2 + 0*r**3 + 0*r**4 - 1/60*r**5 + 1/8*r**6 + 0*r. Determine t(-1).
-16
Suppose -4*l + 20 = 4*o - 2*l, 11 = o + 2*l. Let j(n) = n**3 + 2*n - 6*n - 6*n**2 + o + 0*n**3. Let s be 9 + (3 + -3 - 3). What is j(s)?
-21
Let t(w) = -w**2 - 9*w - 17. Suppose -41*m - 42 = -36*m - s, -3*m + 4*s - 49 = 0. Give t(m).
-3
Let i(t) = -3*t. Suppose 4*r - 33 = -53. Let z be r + 12/4 - 1. Let k be z*1*2/6. What is i(k)?
3
Let w(q) = 10*q**2 + 1. Let z(o) = -1